ighest common divisor of o and 36?
18
Let s = 2217 + -1137. Calculate the greatest common divisor of s and 90.
90
Let w = -661 + 1307. What is the highest common divisor of 152 and w?
38
Suppose -80 = 10*m - 14*m. Let a = -16 + m. Suppose 5*g - 3 = -a*w - 2, -5*w + 8 = 4*g. What is the highest common divisor of 20 and w?
4
Let h be ((-2034)/(-7) - 28/49) + -4. What is the greatest common divisor of 52 and h?
26
Let c be (-200)/12*(1425/(-2))/5. What is the greatest common factor of 19 and c?
19
Let g = 3057 + -2693. Calculate the highest common divisor of 234 and g.
26
Suppose 0 = -2*h - 2*h + 20. Suppose h*n = 67 - 22. What is the highest common factor of 3 and n?
3
Suppose -112 - 56 = -21*z. Calculate the highest common divisor of 72 and z.
8
Let i(o) = o - 5. Let l be i(5). Suppose 3*b - j - 62 = 0, -4*b = -j - l*j - 82. Calculate the highest common factor of 100 and b.
20
Suppose 2*q - q + l - 3 = 0, 9 = q + 3*l. Suppose q = -3*f + 7*f. Suppose f = -3*k - 47 + 446. Calculate the greatest common divisor of k and 19.
19
Let w(b) = 7 + b + 20*b + 160*b**2 - 161*b**2 - b. Let k be w(20). What is the greatest common factor of k and 56?
7
Suppose 5*a = o + 25, 3*a - 3*o - 2*o - 15 = 0. Suppose -5*p - 145 = -3*i, 0*p = 5*i - 3*p - 231. What is the highest common divisor of i and a?
5
Let n = 98 - 68. Suppose -978 + 924 = -9*p. What is the highest common factor of n and p?
6
Let z be (-718)/(-6) + 1 + (-2)/3. What is the highest common factor of 45 and z?
15
Let t = -203 - -204. Calculate the highest common factor of 15 and t.
1
Suppose 28 = 2*h + 4*t, h + 4 = -t + 23. Suppose -17*s = -15*s - 432. Calculate the highest common divisor of h and s.
24
Let v be ((-20)/1)/(((-32)/(-88))/(-2)). Suppose 5*r + 2*c - v = 0, 2*r + 3*c - 2*c - 43 = 0. Calculate the greatest common factor of r and 84.
12
Suppose 5*b = 4*q + q - 415, -59 = b + 5*q. Let l = -25 - b. Calculate the greatest common factor of l and 36.
18
Let u = -314 + 330. Calculate the highest common factor of 10 and u.
2
Let x be (11 - (-116)/20)/((-2)/(-30)). Calculate the highest common factor of 140 and x.
28
Suppose -5*a = -2*v - 562, 5*a + 3*v = -0*v + 557. What is the highest common factor of a and 266?
14
Suppose 20 = -2*t + 5*t - 5*m, -5*t + 2*m + 27 = 0. Suppose 0 = -2*l - 2 + 10, t*k - l = 61. Calculate the greatest common factor of 39 and k.
13
Suppose 650 = -0*n + 5*n. Let x be (35/((-4025)/(-69)))/(9/150). What is the highest common factor of n and x?
10
Let y be 2 + 114/(-38)*(-10)/6. Suppose 0*o + 5*o + 2*g = 307, 5*o + 5*g = 295. Calculate the highest common factor of y and o.
7
Let d(p) = -2*p**3 + 2*p**2 - 2*p + 1. Let a be d(1). Let o be (-13 + 18)*a*-7*3. Calculate the greatest common factor of o and 70.
35
Suppose -122 - 242 = -4*w + 8*s, 5*w = 3*s + 434. What is the greatest common factor of 34 and w?
17
Suppose k - 5*i = -42 + 132, 0 = k - 4*i - 94. Let l = -16 - -36. Suppose l = 5*v, 2*b - 13 = -3*v + 19. What is the greatest common divisor of k and b?
10
Suppose -4*v + 391*y - 389*y + 3354 = 0, 5*y + 852 = v. Calculate the greatest common divisor of v and 31.
31
Let a = 2242 - 2232. Suppose -l + 2 = -0*l. Calculate the greatest common divisor of l and a.
2
Let m be (-4)/((-2)/(-22)*-2). Let w(j) = -5*j**2 + 32*j - 2. Let f be w(5). What is the highest common factor of f and m?
11
Let t(y) = -y**2 + 6*y + 11. Let g be t(7). Suppose -937 = -g*i - 3*n, 5*i + 2*n - 1215 = 7*n. What is the highest common factor of i and 34?
34
Let o = -504 + 1242. Calculate the greatest common factor of 27 and o.
9
Let m(z) = 117*z - 548. Let i be m(5). What is the greatest common factor of i and 925?
37
Let x be (6/(-4))/((-5)/30). Suppose 0 = -x*g + 4*g - 5*f + 125, -2*g + 54 = -2*f. Calculate the highest common divisor of 13 and g.
13
Suppose -50*v = -72*v + 528. Suppose o = 6*o + 470. Let t = -34 - o. Calculate the greatest common factor of v and t.
12
Let c = -494 - -512. Calculate the greatest common factor of c and 282.
6
Let s(y) = -7*y**3 + y**2 - 1. Let x be s(2). Let o = 91 + x. What is the greatest common divisor of 19 and o?
19
Let p(q) = q**3 + 8*q**2 - 2*q - 7. Let b be p(-4). Calculate the highest common divisor of 156 and b.
13
Let b be (-3708)/(-30) - (-2)/(-5)*-1. Suppose -v = f - b, -v - 481 = -4*f - 0*v. What is the greatest common divisor of 11 and f?
11
Suppose 0 = d - 2*d + 18. Let n be d/12 + (-31)/(-2). What is the highest common divisor of 17 and n?
17
Let i be (-2)/2*(-2)/(-2). Let v = 11 - i. Let x be (-7)/(91/(-351)) - 3. What is the greatest common factor of x and v?
12
Suppose -2*p = -v + 2*p + 4, 5*v + 3*p = 43. What is the highest common divisor of 68 and v?
4
Suppose 4*c = -y + 88, 5*c + 1 + 4 = 0. What is the highest common divisor of 1081 and y?
23
Let p(g) = -5*g + 70. Let n be p(13). Calculate the greatest common factor of n and 5.
5
Suppose 0 = -4*i + 2*n + 192, 12*n = -5*i + 7*n + 210. What is the greatest common divisor of 851 and i?
23
Let w(h) = h**3 - 28*h**2 - 21*h + 13. Let l be w(29). What is the greatest common divisor of l and 7?
7
Let n(d) = d**2 - 16*d - 102. Let k be n(22). What is the greatest common divisor of 50 and k?
10
Let k(s) = 2*s**2 + 21*s + 46. Let h be k(-2). What is the highest common factor of h and 204?
12
Let d be 3*3 + -1 + 5. What is the greatest common divisor of 377 and d?
13
Suppose 232 - 168 = 4*h - 4*n, -3*h + 40 = -n. Let r be 0 + 4*(-27)/(-2). Calculate the highest common divisor of r and h.
6
Suppose -4*v = 3*r - 37, 2*r + r + 2*v - 29 = 0. Suppose -5*p - 4 = -r*p. Suppose 22 = 3*z - p*z. Calculate the greatest common factor of 66 and z.
22
Let q = 32 - -188. Calculate the greatest common factor of 176 and q.
44
Suppose 20*c = 26*c - 228. Suppose -3*o = -6*o + 399. Calculate the greatest common divisor of o and c.
19
Suppose 5*i - 5 = 4*z, 3*i + z - 12 = 8. Suppose 10*a - 60 = i*a. Suppose 2*f - 76 = 140. Calculate the highest common divisor of f and a.
12
Suppose 5*b - 5*s - 220 = 0, -b - 4*s - 17 + 51 = 0. Calculate the highest common factor of 182 and b.
14
Let y be ((-470)/(-15))/((-1)/(-15)). Suppose v = 3*v + 4*j - y, 4*v - 2*j = 920. Calculate the greatest common factor of v and 21.
21
Let w be (600/32)/(6/16). Suppose 2 + w = 4*z. Calculate the highest common factor of z and 117.
13
Suppose 5*a = 2*s + 9, -2*a + 5 = 2*s - 7. Let w be (-715)/(-25) + -6*s/30. Calculate the highest common factor of w and 12.
4
Suppose -125*k + 960 = -61*k. What is the highest common divisor of 40 and k?
5
Let r = 157 - 142. What is the greatest common factor of r and 6?
3
Let k = -24 + 60. Suppose 2*h - h - 3 = a, -5*a - k = 2*h. Let i be (-9)/(-2)*(60 + a). What is the greatest common factor of 27 and i?
27
Suppose c - 96 = -3*m, 9*c + m = 6*c + 288. Calculate the highest common divisor of c and 4.
4
Let c be ((-2)/(-3))/((-2)/(-66)). Suppose 4*i - 608 = -2*j, 2*i + 0*i - 296 = -3*j. Calculate the highest common factor of i and c.
22
Suppose -3*t + 206 = 4*b, b = 6*b + 4*t - 258. Let c be (-1)/(-5) - 49/(-5). What is the greatest common divisor of c and b?
10
Suppose 0 = 45*g - 43*g - 234. Let t be (6 - (3 - -1)) + 2 + g. What is the greatest common divisor of t and 11?
11
Let u be (-41 - -16)*(-3 + 4/10). Calculate the greatest common factor of u and 390.
65
Suppose p - 631 = -3*p - 5*o, -4*p - 4*o + 632 = 0. Suppose q - 4*y = 136, 3*q + y - p = 223. Calculate the highest common divisor of q and 16.
16
Let p be (4/(-10))/((-6)/120). Suppose t = -0*t. Suppose -36 = -t*m - m + 2*i, -3*m + 3*i + 114 = 0. Calculate the greatest common divisor of m and p.
8
Let h = 66 - 92. Let r = h + 42. Calculate the highest common factor of 40 and r.
8
Suppose 4*a - 180 = -4*x, -3*x = -7*x + 5*a + 162. Suppose -s - 2*f + 51 = 0, 5*s - 2*f + 4*f = 223. Calculate the highest common divisor of s and x.
43
Suppose 0 = j - n + 250, -4*n = -8 - 0. Suppose -360 = 7*z - 2*z. Let w = z - j. Calculate the highest common divisor of w and 22.
22
Let g be (5 + -7 + 1)*-323. What is the highest common factor of g and 51?
17
Let t = -15 - -19. Suppose -2*i - 2*i = t, 0 = 5*v + 5*i - 160. Let y = -8 - -19. Calculate the highest common divisor of v and y.
11
Let v(g) = g + 2. Let s be v(4). Let i(z) = z**2 - 3*z + 9. Let k be i(s). Suppose x = 5 + k. Ca